{"id":53,"date":"2015-10-21T15:34:40","date_gmt":"2015-10-21T13:34:40","guid":{"rendered":"https:\/\/www.heurigenkassen.at\/cms\/?page_id=53"},"modified":"2015-10-21T15:56:51","modified_gmt":"2015-10-21T13:56:51","slug":"was-kann-die-kassa","status":"publish","type":"page","link":"https:\/\/www.heurigenkassen.at\/cms\/was-kann-die-kassa\/","title":{"rendered":"Was kann unser Kassensystem?"},"content":{"rendered":"<p><strong>Weinverkauf oder Zimmerabrechnung? Wir haben f\u00fcr Sie ein Kassensystem, das wir auf Ihren Betrieb anpassen. Von der Hardware bis zum Programm ist alles ma\u00dfgeschneidert! <\/strong><\/p>\n<p><strong>So einfach kann Bonierung sein!<\/strong><\/p>\n<p>&nbsp;<\/p>\n<p>Egal ob Sie einen Heurigen, eine Fr\u00fchst\u00fcckspension oder Ab-Hof-Verkauf betreiben: Wir haben f\u00fcr Sie ein Reservierungs- und Abrechnungssystem, das nicht nur auf Ihren Betrieb ma\u00dfgeschneidert angepasst wird, sondern gleich die richtige Hardware f\u00fcr den Betriebsalltag mitliefert. Sie k\u00f6nnen daf\u00fcr aus unterschiedlichen Eingabeger\u00e4ten w\u00e4hlen und finden auch gleich den passenden Bon-Drucker, der Ihre Verkaufssituation vor Ort erheblich erleichtert.<\/p>\n<p>Damit aber noch nicht genug!<\/p>\n<p>Mit unserem All-in-one-Paket zeigen wir Ihnen, wie Sie \u00c4nderungen im System selber unkompliziert vornehmen k\u00f6nnen. So sind Sie unabh\u00e4ngig, flexibel und sparen teure Supportstunden. Und wenn Sie uns einmal doch brauchen, sind wir als Betrieb aus der Wachau gleich in Ihrer Region.<\/p>\n<p>&nbsp;<\/p>\n<p>&nbsp;<\/p>\n<p><strong>Und welche Vorteile gibt es noch im laufenden Betrieb?<\/strong><\/p>\n<p>&nbsp;<\/p>\n<ul>\n<li>Auf einen Blick sehen Sie welche Tische und Zimmer belegt bzw. abgerechnet sind und k\u00f6nnen die Rechnung auf einen Knopfdruck sofort erstellen.<\/li>\n<li>Positionen mit verschiedenen Umsatzsteuers\u00e4tzen werden unkompliziert mit einer Rechnung abgerechnet.<\/li>\n<li>Getrennte Gruppenbestellungen und -abrechnungen an einem Tisch sind kein Problem.<\/li>\n<li>Unser ma\u00dfgeschneidertes System zeigt die Tisch- und Zimmersituation Ihres Betriebes grafisch an. Das erleichtert die Orientierung erheblich und zeigt Ihnen alles auf einen Blick.<\/li>\n<\/ul>\n<ul>\n<li>Sie aktualisieren die Speisekarte oder ver\u00e4ndern Preise? Dazu kann die neue Preisliste einfach aus dem System in \u201eWord\u201c exportiert werden. Eine Zeitersparnis, die viele sch\u00e4tzen.<\/li>\n<li>Sie haben ein Weingut und einen Heurigenbetrieb an verschiedenen Standorten? Kein Problem: Mit der Notebook-Variante unseres Kassensystems nehmen Sie es einfach mit. Wo immer Sie sind.<\/li>\n<\/ul>\n","protected":false},"excerpt":{"rendered":"<p>Weinverkauf oder Zimmerabrechnung? Wir haben f\u00fcr Sie ein Kassensystem, das wir auf Ihren Betrieb anpassen. Von der Hardware bis zum Programm ist alles ma\u00dfgeschneidert! So einfach kann Bonierung sein! &nbsp; Egal ob Sie einen Heurigen, eine Fr\u00fchst\u00fcckspension oder Ab-Hof-Verkauf betreiben: Wir haben f\u00fcr Sie ein Reservierungs- und Abrechnungssystem, das nicht nur auf Ihren Betrieb ma\u00dfgeschneidert [&hellip;]<\/p>\n","protected":false},"author":1,"featured_media":0,"parent":0,"menu_order":0,"comment_status":"closed","ping_status":"closed","template":"","meta":{"footnotes":""},"class_list":["post-53","page","type-page","status-publish","hentry"],"_links":{"self":[{"href":"https:\/\/www.heurigenkassen.at\/cms\/wp-json\/wp\/v2\/pages\/53","targetHints":{"allow":["GET"]}}],"collection":[{"href":"https:\/\/www.heurigenkassen.at\/cms\/wp-json\/wp\/v2\/pages"}],"about":[{"href":"https:\/\/www.heurigenkassen.at\/cms\/wp-json\/wp\/v2\/types\/page"}],"author":[{"embeddable":true,"href":"https:\/\/www.heurigenkassen.at\/cms\/wp-json\/wp\/v2\/users\/1"}],"replies":[{"embeddable":true,"href":"https:\/\/www.heurigenkassen.at\/cms\/wp-json\/wp\/v2\/comments?post=53"}],"version-history":[{"count":0,"href":"https:\/\/www.heurigenkassen.at\/cms\/wp-json\/wp\/v2\/pages\/53\/revisions"}],"wp:attachment":[{"href":"https:\/\/www.heurigenkassen.at\/cms\/wp-json\/wp\/v2\/media?parent=53"}],"curies":[{"name":"wp","href":"https:\/\/api.w.org\/{rel}","templated":true}]}}