{"id":2,"date":"2022-01-07T05:21:45","date_gmt":"2022-01-07T04:21:45","guid":{"rendered":"https:\/\/www.heurigenkassen.at\/cms\/?page_id=2"},"modified":"2022-01-27T11:24:26","modified_gmt":"2022-01-27T10:24:26","slug":"beispiel-seite","status":"publish","type":"page","link":"https:\/\/www.heurigenkassen.at\/cms\/","title":{"rendered":"STARTSEITE"},"content":{"rendered":"<p><strong>Sind Sie Heurigenwirt oder Winzer? Vermieten G\u00e4stezimmer, Fremdenzimmer oder haben eine Pension?<\/strong><\/p>\n<div class=\"jsn-bootstrap3\">\n<div id=\"2GKo3L\" class=\"row \">\n<div class=\"col-md-12 col-sm-12 col-xs-12 \">\n<p>Sie f\u00fchren ein Gasthaus oder haben einen Handelsbetrieb? Dann kommt eine Umstellung auf Sie zu: Ab 1.1.2016 setzt der \u00f6sterreichische Gesetzgeber eine Abrechnung \u00fcber eine elektronische Registrierkasse voraus. Heurigenkassen.at aus der Wachau bietet Ihnen nicht nur das perfekte System f\u00fcr Ihren Umstieg, sondern zeigt Ihnen, wie Sie Ihren Betrieb optimieren k\u00f6nnen.<\/p>\n<p>Dazu bieten wir ein All-in-one-Paket mit den besten Ger\u00e4ten und der neuesten Technologie. Ohne laufende Kosten und teurer Wartungszeit k\u00f6nnen Sie mit unserer Einschulung das System auch noch sp\u00e4ter f\u00fcr Ihre Bed\u00fcrfnisse anpassen.<\/p>\n<p>Und damit Sie im laufenden Betrieb alles im Blick haben, zeigt unser System alle Ums\u00e4tze und Abrechnungen \u00fcbersichtlich an und erledigt die Buchhaltung auf Knopfdruck.<\/p>\n<\/div>\n<p>&nbsp;<\/p>\n<div class=\"col-md-12 col-sm-12 col-xs-12 \">\n<p><strong>Diese Kassensysteme k\u00f6nnen Sie auch einsetzen f\u00fcr:<\/strong><\/p>\n<p>Einzelhandel<br \/>\nSchuh \/ Textil<br \/>\nGastronomie<br \/>\nKantinen \/ B\u00e4ckereien<br \/>\nFriseur \/ Kosmetik \/ Sonnenstudios<br \/>\nDiscotheken \/ Clubs \/ Fitnesscentern<\/p>\n<\/div>\n<\/div>\n<\/div>\n","protected":false},"excerpt":{"rendered":"<p>Sind Sie Heurigenwirt oder Winzer? Vermieten G\u00e4stezimmer, Fremdenzimmer oder haben eine Pension? Sie f\u00fchren ein Gasthaus oder haben einen Handelsbetrieb? Dann kommt eine Umstellung auf Sie zu: Ab 1.1.2016 setzt der \u00f6sterreichische Gesetzgeber eine Abrechnung \u00fcber eine elektronische Registrierkasse voraus. Heurigenkassen.at aus der Wachau bietet Ihnen nicht nur das perfekte System f\u00fcr Ihren Umstieg, sondern [&hellip;]<\/p>\n","protected":false},"author":1,"featured_media":0,"parent":0,"menu_order":0,"comment_status":"closed","ping_status":"closed","template":"","meta":{"footnotes":""},"class_list":["post-2","page","type-page","status-publish","hentry"],"_links":{"self":[{"href":"https:\/\/www.heurigenkassen.at\/cms\/wp-json\/wp\/v2\/pages\/2","targetHints":{"allow":["GET"]}}],"collection":[{"href":"https:\/\/www.heurigenkassen.at\/cms\/wp-json\/wp\/v2\/pages"}],"about":[{"href":"https:\/\/www.heurigenkassen.at\/cms\/wp-json\/wp\/v2\/types\/page"}],"author":[{"embeddable":true,"href":"https:\/\/www.heurigenkassen.at\/cms\/wp-json\/wp\/v2\/users\/1"}],"replies":[{"embeddable":true,"href":"https:\/\/www.heurigenkassen.at\/cms\/wp-json\/wp\/v2\/comments?post=2"}],"version-history":[{"count":1,"href":"https:\/\/www.heurigenkassen.at\/cms\/wp-json\/wp\/v2\/pages\/2\/revisions"}],"predecessor-version":[{"id":491,"href":"https:\/\/www.heurigenkassen.at\/cms\/wp-json\/wp\/v2\/pages\/2\/revisions\/491"}],"wp:attachment":[{"href":"https:\/\/www.heurigenkassen.at\/cms\/wp-json\/wp\/v2\/media?parent=2"}],"curies":[{"name":"wp","href":"https:\/\/api.w.org\/{rel}","templated":true}]}}